{"id":2,"date":"2025-07-22T21:04:39","date_gmt":"2025-07-22T21:04:39","guid":{"rendered":"http:\/\/www.rhumrepublic.com\/?page_id=2"},"modified":"2025-08-06T20:44:52","modified_gmt":"2025-08-06T20:44:52","slug":"a-propos","status":"publish","type":"page","link":"https:\/\/www.rhumrepublic.com\/index.php\/a-propos\/","title":{"rendered":"A propos"},"content":{"rendered":"<p>Rhum Republic \u2026 c&rsquo;est une boutique en ligne qui s&rsquo;ouvre en D\u00e9cembre 2020 pour permettre \u00e0 une bande d&rsquo;amis passionn\u00e9s par le Rhum, de vendre en ligne une collection exclusive de Rhums arrang\u00e9s.<\/p>\n<p>Ce Rhum Arrang\u00e9 dont la confection est encadr\u00e9e et valid\u00e9e par la commission sanitaire obligatoire pour la transformation et la vente de rhum arrang\u00e9\u2026 est d&rsquo;abord vendu sur les march\u00e9s et festivals par le \u00ab\u00a0Druide\u00a0\u00bb de la bande, ensuite le bouche \u00e0 oreille positif le conduit \u00e0 faire de nombreuses d\u00e9gustations priv\u00e9s pour des groupes, pour finir par \u00eatre propos\u00e9 en ligne sur une plateforme de vente maitris\u00e9e de A \u00e0 Z (commandes, paiements, livraisons) <\/p>\n<p>L&rsquo;offre en ligne a \u00e9t\u00e9 compl\u00e9t\u00e9e par des bouteilles de rhum s\u00e9lectionn\u00e9es dans une cave \u00e0 rhum r\u00e9put\u00e9e parmi plus de 300 r\u00e9f\u00e9rences de prestige, histoire de partager les plaisir.<\/p>\n<p>Durant plusieurs ann\u00e9es (de D\u00e9cembre 2020 \u00e0 Mai 2025), la boutique en ligne se forge son petit cercle d&rsquo;habitu\u00e9s jusqu&rsquo;\u00e0 \u00e9couler ses derni\u00e8res bouteilles.<\/p>\n<p>Rhumrepublic.com ouvre nouveau ses portes en Aout 2025, sans aucune bouteille \u00e0 vendre, le temps de confectionner une nouvelle fourn\u00e9e de la potion magique\u2026 Le site propose des articles sur la culture Rhum et les histoires autour des diff\u00e9rents Rhums \u00e0 travers les pays, les continents et les ann\u00e9es.<\/p>\n<p>Restez connect\u00e9s et soyez les premiers \u00e0 b\u00e9n\u00e9ficier de la prochaine tourn\u00e9e du Druide<\/p>\n<p>L&rsquo;ABUS D&rsquo;ALCOOL EST DANGEREUX POUR LA SANT\u00e9E !<br \/>\nA CONSOMMER AVEC MODERATION !<\/p>\n","protected":false},"excerpt":{"rendered":"<p>Rhum Republic \u2026 c&rsquo;est une boutique en ligne qui s&rsquo;ouvre en D\u00e9cembre 2020 pour permettre \u00e0 une bande d&rsquo;amis passionn\u00e9s par le Rhum, de vendre en ligne une collection exclusive de Rhums arrang\u00e9s. Ce Rhum Arrang\u00e9 dont la confection est encadr\u00e9e et valid\u00e9e par la commission sanitaire obligatoire pour la transformation et la vente de [&hellip;]<\/p>\n","protected":false},"author":1,"featured_media":0,"parent":0,"menu_order":0,"comment_status":"closed","ping_status":"closed","template":"","meta":{"slim_seo":{"title":"A propos de rhum republic","description":"Rhum Republic... c'est une boutique en ligne qui s'ouvre en D\u00e9cembre 2020 pour permettre \u00e0 une bande d'amis passionn\u00e9s par le Rhum de vendre en ligne."},"footnotes":""},"class_list":["post-2","page","type-page","status-publish","hentry"],"_links":{"self":[{"href":"https:\/\/www.rhumrepublic.com\/index.php\/wp-json\/wp\/v2\/pages\/2","targetHints":{"allow":["GET"]}}],"collection":[{"href":"https:\/\/www.rhumrepublic.com\/index.php\/wp-json\/wp\/v2\/pages"}],"about":[{"href":"https:\/\/www.rhumrepublic.com\/index.php\/wp-json\/wp\/v2\/types\/page"}],"author":[{"embeddable":true,"href":"https:\/\/www.rhumrepublic.com\/index.php\/wp-json\/wp\/v2\/users\/1"}],"replies":[{"embeddable":true,"href":"https:\/\/www.rhumrepublic.com\/index.php\/wp-json\/wp\/v2\/comments?post=2"}],"version-history":[{"count":5,"href":"https:\/\/www.rhumrepublic.com\/index.php\/wp-json\/wp\/v2\/pages\/2\/revisions"}],"predecessor-version":[{"id":130,"href":"https:\/\/www.rhumrepublic.com\/index.php\/wp-json\/wp\/v2\/pages\/2\/revisions\/130"}],"wp:attachment":[{"href":"https:\/\/www.rhumrepublic.com\/index.php\/wp-json\/wp\/v2\/media?parent=2"}],"curies":[{"name":"wp","href":"https:\/\/api.w.org\/{rel}","templated":true}]}}